4
What is the remainder when 117 is divided by 24?
21
Calculate the remainder when 1546 is divided by 46.
28
Calculate the remainder when 151 is divided by 20.
11
What is the remainder when 276 is divided by 54?
6
Calculate the remainder when 108 is divided by 67.
41
What is the remainder when 835 is divided by 203?
23
What is the remainder when 82 is divided by 19?
6
Calculate the remainder when 866 is divided by 419.
28
What is the remainder when 1045 is divided by 7?
2
What is the remainder when 5681 is divided by 116?
113
What is the remainder when 1073 is divided by 98?
93
Calculate the remainder when 158 is divided by 54.
50
What is the remainder when 801 is divided by 271?
259
Calculate the remainder when 90 is divided by 34.
22
Calculate the remainder when 356 is divided by 84.
20
Calculate the remainder when 439 is divided by 22.
21
Calculate the remainder when 34079 is divided by 30.
29
Calculate the remainder when 1105 is divided by 524.
57
Calculate the remainder when 22596 is divided by 97.
92
What is the remainder when 45 is divided by 20?
5
What is the remainder when 1653 is divided by 517?
102
Calculate the remainder when 144 is divided by 11.
1
What is the remainder when 2008 is divided by 48?
40
Calculate the remainder when 3147 is divided by 115.
42
What is the remainder when 464 is divided by 18?
14
Calculate the remainder when 520 is divided by 35.
30
What is the remainder when 342 is divided by 125?
92
Calculate the remainder when 520 is divided by 19.
7
Calculate the remainder when 1576 is divided by 58.
10
Calculate the remainder when 522 is divided by 57.
9
Calculate the remainder when 547 is divided by 141.
124
What is the remainder when 184 is divided by 43?
12
Calculate the remainder when 1857 is divided by 38.
33
Calculate the remainder when 197 is divided by 52.
41
Calculate the remainder when 3352 is divided by 129.
127
What is the remainder when 7531 is divided by 81?
79
Calculate the remainder when 32703 is divided by 69.
66
Calculate the remainder when 5951 is divided by 93.
92
Calculate the remainder when 291 is divided by 37.
32
What is the remainder when 494 is divided by 163?
5
What is the remainder when 2173 is divided by 128?
125
What is the remainder when 480 is divided by 35?
25
What is the remainder when 128 is divided by 45?
38
Calculate the remainder when 200 is divided by 51.
47
What is the remainder when 132 is divided by 132?
0
What is the remainder when 3682 is divided by 12?
10
Calculate the remainder when 2572 is divided by 9.
7
What is the remainder when 89 is divided by 12?
5
What is the remainder when 1881 is divided by 12?
9
Calculate the remainder when 307 is divided by 159.
148
What is the remainder when 875 is divided by 834?
41
What is the remainder when 142 is divided by 3?
1
Calculate the remainder when 164 is divided by 47.
23
Calculate the remainder when 589 is divided by 74.
71
What is the remainder when 244 is divided by 128?
116
What is the remainder when 50 is divided by 29?
21
Calculate the remainder when 25470 is divided by 128.
126
What is the remainder when 54 is divided by 16?
6
Calculate the remainder when 45 is divided by 21.
3
Calculate the remainder when 133 is divided by 34.
31
Calculate the remainder when 27 is divided by 11.
5
What is the remainder when 108 is divided by 44?
20
Calculate the remainder when 5124 is divided by 41.
40
Calculate the remainder when 2224 is divided by 548.
32
What is the remainder when 3897 is divided by 60?
57
Calculate the remainder when 5 is divided by 3.
2
Calculate the remainder when 289 is divided by 76.
61
Calculate the remainder when 192 is divided by 97.
95
Calculate the remainder when 1264 is divided by 33.
10
Calculate the remainder when 480 is divided by 97.
92
Calculate the remainder when 146 is divided by 15.
11
Calculate the remainder when 208 is divided by 24.
16
Calculate the remainder when 3047 is divided by 113.
109
Calculate the remainder when 319 is divided by 65.
59
What is the remainder when 8746 is divided by 12?
10
What is the remainder when 894 is divided by 226?
216
Calculate the remainder when 5563 is divided by 46.
43
Calculate the remainder when 53 is divided by 31.
22
Calculate the remainder when 172 is divided by 73.
26
Calculate the remainder when 354 is divided by 45.
39
Calculate the remainder when 1730 is divided by 71.
26
What is the remainder when 871 is divided by 74?
57
Calculate the remainder when 231 is divided by 6.
3
What is the remainder when 256 is divided by 6?
4
Calculate the remainder when 2196 is divided by 2.
0
Calculate the remainder when 144 is divided by 37.
33
What is the remainder when 3000 is divided by 33?
30
What is the remainder when 899 is divided by 18?
17
Calculate the remainder when 1687 is divided by 36.
31
Calculate the remainder when 146 is divided by 15.
11
Calculate the remainder when 439 is divided by 51.
31
What is the remainder when 53 is divided by 27?
26
What is the remainder when 672 is divided by 127?
37
What is the remainder when 285 is divided by 74?
63
Calculate the remainder when 1905 is divided by 18.
15
What is the remainder when 177 is divided by 15?
12
What is the remainder when 982 is divided by 34?
30
Calculate the remainder when 5000 is divided by 3.
2
What is the remainder when 241 is divided by 50?
41
What is the remainder when 104 is divided by 27?
23
Calculate the remainder when 117 is divided by 12.
9
Calculate the remainder when 207 is divided by 42.
39
What is the remainder when 161 is divided by 9?
8
Calculate the remainder when 5158 is divided by 12.
10
Calculate the remainder when 9979 is divided by 14.
11
What is the remainder when 1613 is divided by 116?
105
What is the remainder when 539 is divided by 63?
35
Calculate the remainder when 178 is divided by 26.
22
What is the remainder when 1027 is divided by 114?
1
Calculate the remainder when 466 is divided by 48.
34
What is the remainder when 28 is divided by 19?
9
Calculate the remainder when 193 is divided by 9.
4
Calculate the remainder when 195 is divided by 11.
8
What is the remainder when 5026 is divided by 11?
10
Calculate the remainder when 291 is divided by 42.
39
What is the remainder when 500 is divided by 130?
110
What is the remainder when 1229 is divided by 30?
29
What is the remainder when 302 is divided by 82?
56
What is the remainder when 695 is divided by 230?
5
Calculate the remainder when 3890 is divided by 66.
62
What is the remainder when 221 is divided by 39?
26
Calculate the remainder when 618 is divided by 19.
10
What is the remainder when 263 is divided by 14?
11
What is the remainder when 1011 is divided by 68?
59
Calculate the remainder when 59 is divided by 22.
15
What is the remainder when 712 is divided by 4?
0
What is the remainder when 460 is divided by 157?
146
Calculate the remainder when 119 is divided by 14.
7
What is the remainder when 143 is divided by 127?
16
What is the remainder when 546 is divided by 50?
46
Calculate the remainder when 2030 is divided by 34.
24
Calculate the remainder when 27 is divided by 1.
0
What is the remainder when 120 is divided by 45?
30
What is the remainder when 61 is divided by 22?
17
What is the remainder when 1111 is divided by 53?
51
What is the remainder when 954 is divided by 128?
58
Calculate the remainder when 9266 is divided by 31.
28
Calculate the remainder when 49 is divided by 5.
4
Calculate the remainder when 627 is divided by 37.
35
What is the remainder when 272 is divided by 161?
111
What is the remainder when 1795 is divided by 29?
26
What is the remainder when 674 is divided by 135?
134
What is the remainder when 129 is divided by 19?
15
What is the remainder when 58 is divided by 6?
4
Calculate the remainder when 4916 is divided by 205.
201
Calculate the remainder when 224 is divided by 58.
50
What is the remainder when 159 is divided by 48?
15
What is the remainder when 215 is divided by 4?
3
What is the remainder when 747 is divided by 11?
10
Calculate the remainder when 399 is divided by 16.
15
Calculate the remainder when 2841 is divided by 58.
57
Calculate the remainder when 4214 is divided by 157.
132
Calculate the remainder when 1559 is divided by 37.
5
Calculate the remainder when 696 is di